**2 + 13*z - 6. Let m be f(6). Let n(l) = l**2 + l - 19. What is n(m)?
-19
Let s(q) = -2. Let j(b) = -b + 2. Suppose -v - 4*v = v. Suppose -4 + v = 2*h. Let z(f) = h*j(f) - 3*s(f). What is z(2)?
6
Let k(i) be the second derivative of -i**6/360 + i**5/12 + 5*i**4/24 - 12*i**3 - 2*i - 3. Let l(b) be the second derivative of k(b). Determine l(9).
14
Let s(g) = -g**3 - 8*g**2 - 7*g - 3. Let f = 30 + -52. Let u be 1/f*4 - (-136)/22. Suppose u*q = 7*q + 7. What is s(q)?
-3
Let j(t) = -t - 4. Let f = 38 - 38. Suppose 3*k - 4*x = -8 - 30, -4*k - 5*x - 92 = f. Let v(b) = -b - 25. Let d be v(k). Give j(d).
3
Let f(q) be the second derivative of 2*q**3 - 7*q**2/2 + 2762*q. Calculate f(-6).
-79
Let r(x) = x + 9. Let j be r(-9). Suppose j = -6*z + 8*z - 42. Suppose -z = 3*k - 3. Let o(s) = s + 3. What is o(k)?
-3
Let z be ((-3 + 90/40)*-2)/((-6)/(-8)). Let i(v) = -4*v**2 + 5*v - 4. What is i(z)?
-10
Let o = -6687 + 6723. Let f(v) = v**3 - 36*v**2 + 4*v - 144. What is f(o)?
0
Suppose 2*g + 2 = -4. Let n be g*(-48)/15 + 2/5. Let c(j) = 3*j**2 + 2*j - n*j**2 - 2*j**2 + 1. What is c(-1)?
-10
Let s(p) = 6*p + 34. Let r(b) = -46*b**2 - 227*b + 12. Let h be r(-5). Calculate s(h).
16
Let x(r) be the third derivative of -r**4/4 + 1931*r**2. Suppose -4*m + 2*p = 0, 2*m - 2*p - 6 = 2*p. Let q = m + 4. Give x(q).
-18
Let d be (0 + 0)/(5 + -7). Let h(j) = 1 + d - 2 - 8*j. Suppose 78*w - 6 = 80*w + l, -3*l - 25 = -w. Determine h(w).
-9
Let g(r) = r + 10. Let t = -499 - -493. Let s be g(t). Let i(k) = k - 7. Determine i(s).
-3
Let w(b) = b + 5. Let k be -52 + 4 + -2 + 1. Let i be k/(-14) - ((-6)/(-4))/1. Suppose i*r - 5*v = -r - 3, -6 = 2*v. What is w(r)?
-1
Let n(x) = -x**3 - 14*x**2 - 15*x - 12. Suppose 6*w = 3*s + 5*w + 33, -2*w = -3*s - 27. Calculate n(s).
14
Let p(i) = 36*i**3 - 7*i**2 - 18*i + 9. Let z(v) = -19*v**3 + 4*v**2 + 10*v - 5. Let a(s) = 4*p(s) + 7*z(s). Let x be -6 - 5/10*-18 - 2. What is a(x)?
10
Let w(p) = 2*p - p - 3*p**2 + 2*p**3 - 9*p**3 + 2*p**2. Let c = 70862 - 70861. What is w(c)?
-7
Let b(h) be the second derivative of -5*h**2 + 241*h - 1/3*h**3 + 0. Determine b(-4).
-2
Let z be (16/72)/(166/(-747)). Let x(d) = 4*d**3 + 4*d**2 + 5*d + 2. Calculate x(z).
-3
Suppose -116*x - 16 = -100*x. Let j(p) = 17*p**3 + 13*p**2 + 19*p + 19. Let c(g) = 8*g**3 + 6*g**2 + 9*g + 9. Let l(t) = 13*c(t) - 6*j(t). Determine l(x).
-2
Let d(p) = p**3 - 126*p**2 - 24*p + 3004. Let j be d(126). Let z(x) = -x**3 - 22*x**2 - 43*x - 48. What is z(j)?
12
Suppose -5*g + 3*p = -2*p + 5, g = -4*p + 19. Let j be 2 - -3 - 0/(-2). Let i(a) = -j*a**2 + 9*a**2 - 2 - 3*a**2 - 3*a. What is i(g)?
-2
Suppose -h = 3*h + 20. Suppose 4*c + 1 - 13 = -4*k, -3*c + k = -13. Let l(a) = -6*a**2 + 3 + 3*a**2 + 2*a**2 + c. What is l(h)?
-18
Let n(z) = -2*z**2 - 2*z + 1. Let d(u) = -112*u + 3357. Let c be d(30). Calculate n(c).
-11
Let m(b) = b**3 - 16*b + 6. Let g = 24148 - 24153. Determine m(g).
-39
Suppose -3*w = 5*x - 18, -142 = -4*x - 2*w - 128. Let y(s) = 11*s - 40. Give y(x).
-7
Let w be 0 + 6 + (2 - 3). Let l(g) = 3 - 4 - 8*g + w + g**2. Suppose -41*a + 178 + 78 = -9*a. Determine l(a).
4
Let s(j) = j**3 - 6*j**2 + 5*j - 4. Let c = 7296 + -7291. Calculate s(c).
-4
Let c(v) = v - 8. Let f(s) = s**3 + 7*s**2 + 3*s - 31. Let a be f(-5). Let i be (4/14)/((-16)/(-196))*a. Calculate c(i).
6
Let b be ((-9)/18)/((-2)/(-740)). Let h = b - -193. Let k(g) = g - 9. Give k(h).
-1
Let d(y) = -379*y + 3*y**3 - 13*y**2 + 189*y + 192*y - 2*y**3 - 26. What is d(13)?
0
Let g(l) = -l**3 - l**2 - l - 1. Let c(n) be the third derivative of 0*n + 1/6*n**4 - 8*n**2 + 0 + 1/10*n**5 - 7/6*n**3 + 1/120*n**6. Let z be c(-5). Give g(z).
5
Let s(j) = 6 + 4 + 5 + 13*j - 14 + 10 + j**2. What is s(-13)?
11
Let i(u) = -u**2 + 8*u + 14*u - 1 - 28*u - 12. Let h(s) = 3*s**2 + 11*s + 27. Let t(r) = 3*h(r) + 7*i(r). Calculate t(7).
25
Let o(f) = f**3 + 6*f**2 + 6*f - 4. Let i(d) = 2*d + 19. Let u be (1 - -2) + (-40)/(-8). Let z be i(u). Suppose -7*c + 0*c = z. Determine o(c).
-9
Let u = 454 - 458. Let o(d) = -6*d + 2. Calculate o(u).
26
Let g(k) = -k**2 + 6*k - 3. Let v(q) = -q**2 + 6*q - 3. Let j(f) = -4*g(f) + 3*v(f). Let z be 588/(-28)*(-8)/84*15/10. Determine j(z).
-6
Let m(d) = -2*d**2 + 6*d + 33. Let t(r) = r**2 - 3*r - 18. Let q(y) = -4*m(y) - 7*t(y). Calculate q(5).
4
Let n(k) be the first derivative of -11*k**2/2 - 86*k - 8694. Give n(-7).
-9
Let l(t) = 10*t**3 + t**2. Let j = -40 + 43. Suppose -4*k - h = -19, 0 = j*k - 3*h - 0 - 3. Suppose 2*s + 2*s = -k. What is l(s)?
-9
Let l(t) be the second derivative of -t**5/20 + t**4/6 + 2*t**3/3 - 3*t**2/2 - 791*t - 2. Determine l(5).
-58
Let s(z) be the first derivative of -z**3/3 + z**2/2 + z + 17. Suppose -4*h + 10 = -6, 18 = -3*x + 3*h. What is s(x)?
-5
Let o(k) be the third derivative of k**5/60 - k**4/12 + k**3/3 - 7*k**2. Suppose -8*v + 17 - 33 = 0. Let t be ((-20)/(-45))/(v/(-18)). Give o(t).
10
Let k = 423 + -415. Let u(a) = -6 + k - 3095*a + 15 + 1 + 3092*a. What is u(7)?
-3
Let b = -14102 + 14117. Let s(i) = 5*i - 2*i - 2*i - 7. What is s(b)?
8
Let l(z) = -z**2 - 8*z + 13. Let i(w) = -10*w**3 + w**2 + w - 1. Suppose r = -2*r + g + 325, -3*g + 235 = 2*r. Let o = r - 109. Let t be i(o). What is l(t)?
4
Let h(i) = 2*i + 1. Let k(y) = y**3 + 11*y**2 + 2*y - 26. Let c(b) = -3*h(b) + k(b). What is c(-11)?
15
Let z(c) be the second derivative of -c**6/120 - c**5/20 - c**4/24 - c**3/3 + 10*c**2 - 3*c - 38. Let a(n) be the first derivative of z(n). Determine a(-3).
1
Let x(d) = -5*d**3 - 32*d**2 + 19*d + 2. Let o(u) = 3*u**3 + 21*u**2 - 13*u - 1. Let p(h) = 8*o(h) + 5*x(h). Suppose 4*y - y = 21. Determine p(y).
-12
Let u(b) be the third derivative of -b**5/30 + 5*b**4/12 - 7*b**3/6 - 2*b**2 + 323*b + 2. Determine u(7).
-35
Suppose 1260 = 6*z - 0*z. Let g(y) = 1 - 210*y - y**2 + z*y. Give g(3).
-8
Let y(t) = -t + 6. Suppose 0 = 2*j - 38*j + 720. Suppose -5*d = -5*z - j, -2*d + 15 + 14 = 5*z. Calculate y(d).
-1
Let d(q) = -2*q + 40. Let x be d(19). Let i(t) = x - 80*t**2 - 2*t + 81*t**2 - 1. Give i(1).
0
Suppose -6*i + 44 = -i + 2*d, -3*i + 4*d = -16. Let l(p) = -p**3 + 9*p**2 - 17*p + 72. What is l(i)?
0
Let u be ((-45)/(-18))/(-14*1/28). Let y(i) = i**2 - i - 1. Let g(d) = -3*d**2 + 8*d + 5. Let f(v) = -g(v) - 4*y(v). What is f(u)?
-6
Suppose -p + 12 = 3*p. Suppose 4 = x, 18*m - 2*x = 13*m - 63. Let w(s) = -2*s + 3. Let b(c) = -c + 2. Let a(k) = m*b(k) + 6*w(k). Give a(p).
-7
Suppose l = 5*l. Let s(c) = -5*c**2 + 11*c - 13. Let v(x) = 20 + 7*x + 20 - 49 - x**2 - 2*x**2. Let y(f) = 5*s(f) - 8*v(f). Give y(l).
7
Let w(g) = g**2 + 1. Suppose 0 = -2*b - 2*b + 8. Suppose 0 = -5*m, -2*m - b = -4*f + 6. Suppose -o + 1 - 9 = -f*n, 3*o = n + 1. Determine w(o).
5
Let x(i) = 17*i + 6*i**2 + 199*i**3 - 7 + 191*i**3 - 391*i**3. Determine x(8).
1
Let v(k) = -8*k + 0 + 3274983*k**2 - 3274984*k**2 + 4 + 0*k. Give v(7).
-101
Let s(o) be the first derivative of 1/3*o**3 + 5/2*o**2 + 19 - 5*o. What is s(-7)?
9
Let q(n) = 6 - 2*n + 1 + n**3 - 10 - 2*n**2 - 3*n**2. Let c be (-24)/(-15)*(68/8 - 6). Give q(c).
-27
Let f(y) = -3*y + 39. Let n be f(12). Let s(k) = -n*k**2 + 7 + 0*k**2 - 7. What is s(1)?
-3
Suppose -z - 28 = -33. Let t be (80/15)/((10/3)/z). Let d(b) = b. Let m(g) = 6*g - 11. Let l(r) = 5*d(r) - m(r). Give l(t).
3
Let r(c) be the third derivative of -c**5/20 + 71*c**4/24 + 9*c**3/2 - 16*c**2 + 16. Determine r(24).
3
Let z(b) be the second derivative of -5 + b**2 - 1/3*b**3 - 28*b + 5/12*b**4. What is z(2)?
18
Let h(a) = 2192*a**2 - 1092*a**2 - 2 + 2*a - 1099*a**2. Calculate h(-3).
1
Let v(k) = -2*k**2 - 9*k + 6. Let m(x) = 5*x**2 + 18*x - 12. Let p(l) = -3*m(l) - 7*v(l). Let a be (-36404)/(-5269) + 1/11. Determine p(a).
8
Let w(f) = -15*f - 2. Let k(m) = 14*m**2 + 46*m - 43. Let r(t) = -5*t**2 - 16*t + 15. Let o(l) = 6*k(l) + 17*r(l). Let c be o(0). Determine w(c).
43
Let x(s) = 3*s**2 + 15*s + 21. Let k be x(10). Suppose q - k = -471. Let y(b) = b**2 + b - 1. What is y(q)?
-1
Suppose -7*g + 3*g = -2*s + 18, 5*s = -2*g - 15. Let p = 5 + s. Let t(v) = -3*v + 6*v - 12 + p*v - 8*v. Determine t(0).
-12
Let s(a) = 32*a - 2111. Let p be s(66). Let h(m) = 6*m - 8. Calculate h(p).
-2
Let j = -386 - -403. Let s(w) = 25*w - 89*w + j*w + 21*w - 5 + 21*w. Let c = -19 - -13. Calculate s(c).
25